, 37, 229
Let z be 1158/(-8) - -5*3/20. List the prime factors of ((-79360)/z)/4 + 2/9.
2, 3, 23
Let q(r) = 4*r**2 - 301*r - 217. List the prime factors of q(91).
2, 7, 197
Suppose 0 = -28*v + 11637 - 4357. Let i = 323 - v. List the prime factors of i.
3, 7
What are the prime factors of (-65846)/(-10) + (-3)/((-60)/8)?
3, 5, 439
Suppose 0 = -5*p - 5*h + 126 + 94, 2*p - 3*h = 68. Suppose s = -x, -x + 6*x = 3*s + p. Suppose x*l - 357 = 73. List the prime factors of l.
2, 43
Suppose 2*z + 0*z = 10. Suppose 3*w + 788 = z*o, -5*o = w - 136 - 648. List the prime factors of o + (11 + -13)*(-1 - 0).
3, 53
Let b = -32536 - -32521. Let j(h) = 1 - 41 + h**2 - 2*h**2 - 24*h. What are the prime factors of j(b)?
5, 19
Let y(n) = 2*n**2 + 6*n + 1. Let d be y(-4). Suppose d*t - 11*t + 780 = 0. Suppose 0 = z + 5*z - t. What are the prime factors of z?
5, 13
Let t = 103 - 99. Suppose 1764 = t*y - 18*y. Let b = y + 213. What are the prime factors of b?
3, 29
Let c = 11 + 0. Suppose 0 = -c*o + 11263 - 2529. List the prime factors of o.
2, 397
Suppose 3*l + 18186 = 3*z + 144714, 42136 = l + 9*z. What are the prime factors of l?
2, 13, 811
What are the prime factors of ((-8)/16)/(5/80) - (-14302 - -18)?
2, 43, 83
Let w(o) = -5*o + 4. Let v be (1 - 4)*(18 + -17). Let s(u) = u**3 + 3*u**2 - 2*u - 7. Let q be s(v). List the prime factors of w(q).
3
Suppose -4*z = -z + h - 17, 0 = -2*z - 5*h + 7. Suppose 720 + 720 = -z*n. List the prime factors of 103 - ((-2)/13 - n/(-130)).
3, 5, 7
Suppose 0 = o + 4*q - 5, 5*o + 2*q - q - 25 = 0. Suppose -318 = -o*j + 2*j. List the prime factors of j.
2, 53
Let p = 150 + -134. Suppose 3270 = -6*y + p*y. What are the prime factors of y?
3, 109
Suppose 2*d = 1400*v - 1405*v + 96268, -d + 4*v + 48173 = 0. What are the prime factors of d?
89, 541
Let u(y) = -y**3 - 11*y**2 + 9*y + 6. Let q be (-4)/6*(0 + (-4 - -16)). Let k be u(q). What are the prime factors of ((-1)/2 - 6/36)*k?
2, 43
Let j = 334 + 22. Suppose -2*p + j = -4*v, p - 63 = v + 118. Let u = 376 - p. What are the prime factors of u?
2, 3
Suppose 14*w + 600 = 6*w. List the prime factors of (-37131)/w - (-24)/(-300).
3, 5, 11
Let n(q) = -q**2 + 39*q - 192. Let t = -25 + 46. What are the prime factors of n(t)?
2, 3, 31
Let j = -333 + 308. List the prime factors of ((-1430)/(-4))/(j/(-50)).
5, 11, 13
Suppose -u = 35 - 30, 0 = -r - u + 3018. List the prime factors of r.
3023
Let r = -34164 + 57706. List the prime factors of r.
2, 79, 149
Let p(i) = -i**3 + 53*i**2 + 112*i - 110. What are the prime factors of p(51)?
2, 37, 73
Let q = 622 - 617. Suppose -5*i + 869 = 4*o + 309, -2*i = -q*o - 191. What are the prime factors of i?
2, 3
Let y(d) be the first derivative of -d**4/4 - 2*d**3 - 6*d**2 - 10*d - 158. List the prime factors of y(-9).
11, 31
Suppose 13*v - 29736 = 7*v. Suppose -v = 434*z - 438*z. What are the prime factors of z?
3, 7, 59
Let a be (70/(-6))/(10/(-750)) + 1. Let o = a + -1268. Let j = o + 677. What are the prime factors of j?
3, 5, 19
Let b(f) = -2*f**3 + 26*f**2 - 2*f - 60. What are the prime factors of b(-24)?
2, 3, 53, 67
Let t(g) be the third derivative of 23*g**5/20 + 11*g**4/8 - g**3/3 + 46*g**2. What are the prime factors of t(2)?
2, 5, 17
Let t(f) = 490*f**2 - 58*f + 346. What are the prime factors of t(6)?
2, 8819
Suppose -4*j = -0*j. Suppose 2*m + 2*c - 2 = j, -3*c + 4*c = -5*m + 1. Suppose -3*t + 222 = -3*b - 0*b, m = 5*t + 3*b - 330. What are the prime factors of t?
3, 23
Let a = 147220 - 73887. List the prime factors of a.
13, 5641
Let f be ((-2)/(-8))/(4/64). Suppose -15*a = -13*a, -432 = -f*y - 2*a. List the prime factors of y.
2, 3
Let h(g) = -1305*g - 1083. What are the prime factors of h(-11)?
2, 3, 7, 79
Suppose 0*m = 3*m - 18. What are the prime factors of (-46)/(m/(-14)*32/48)?
7, 23
Suppose -5*y = -0*y. Suppose y = -5*a - 2*a + 56. Suppose 0 = -a*w - w + 162. List the prime factors of w.
2, 3
Suppose -3725 = -3*f + 26125. List the prime factors of f.
2, 5, 199
Suppose -22*j + 10 = -27*j, -194909 = -5*f - 3*j. List the prime factors of f.
7, 5569
Let s = -78990 + 147235. List the prime factors of s.
5, 13649
List the prime factors of -1 + (-28)/(-30) - (8 - 1342624/60).
22369
Suppose q - 8205 = -7*m, 2*q - 52*m - 16446 = -57*m. List the prime factors of q.
8233
What are the prime factors of 3217/5 - (6/(-8))/((-140)/(-112))?
2, 7, 23
Suppose -4*v + 3 - 351 = 0. Let o = v + -23. List the prime factors of ((-6666)/o)/((-6)/(-20)).
2, 101
Suppose 7*k + 66 = 29*k. What are the prime factors of -4 + (k - 3) - -10?
2, 3
Let p(h) = 46*h**3 + h**2 - 6 + 43*h**3 - 88*h**3 - 22*h. What are the prime factors of p(7)?
2, 29
Let f = 150 + -124. Suppose -2*s + 153 = -3*l, -23*s - 222 = -f*s - 3*l. What are the prime factors of s?
3, 5
Suppose -2829 = -16*v + 8*v + 7*v. List the prime factors of v.
3, 23, 41
Suppose m + 28650 = t, 5*t + m = 58239 + 85023. What are the prime factors of t?
2, 13, 19, 29
Suppose 58*m = 12*m - 54*m + 1413000. What are the prime factors of m?
2, 3, 5, 157
Suppose 0*m + 7 = 7*m. Suppose 3*c = -s + 2, 0 = c + s - m + 3. Suppose 5*x - 211 - 178 = -4*z, -c*z + 196 = 2*x. What are the prime factors of z?
101
Suppose -3*t + 4*i = -8 - 8, 2*i = -2*t + 6. Suppose -s - 4 = r, t*s + 3*r - r = -6. List the prime factors of ((-31)/3)/((-8)/96) + s.
5
Let a(j) = 232*j**3 - 3*j**2 + 2. Let z be a(1). Let q = z + 225. What are the prime factors of q?
2, 3, 19
Let q be (-4)/3*(-727 + -38 + 9). Suppose 0 = -5*k + 4*r + 15, -4*r = k - 0*k - 3. Suppose -k*j = -11*j + q. What are the prime factors of j?
2, 3, 7
Let b(t) = 76*t + 84. Let k be b(10). Let v = 1305 - k. What are the prime factors of v?
461
Suppose 55 + 178 = c. Let w = 112 - c. Let y = -46 - w. List the prime factors of y.
3, 5
Suppose 5*m = f + 3*f + 67, -4*f = -2*m + 70. What are the prime factors of ((-941)/(-2))/(1 + 9/f)?
941
Let l = -3 - -5. Suppose v - l*v - 1 = 0, 21 = 2*c - 5*v. Suppose -c*z + 304 = -4*z. List the prime factors of z.
2, 19
Let a(f) = 2*f**2 + 13*f + 29. Let o be a(-5). What are the prime factors of 4/2*(-11)/(-4)*o?
7, 11
Suppose -2*s + m = -3*m - 20, m + 5 = 2*s. Suppose 13*x - 14*x - 2 = s. List the prime factors of (x/4)/((-2)/208).
2, 13
Suppose -4 = f, -12 = 3*q + q - 3*f. What are the prime factors of q/12*(-1 - 513)?
257
Let h = 25 + -10. Suppose -11*r = -h*r + 824. What are the prime factors of 5/(5/r)*4/8?
103
Let i(r) = -2*r**3 - 8 - 6 + 3*r**3 - 4*r**2. Let w(q) = 51*q - 300. Let k be w(6). What are the prime factors of i(k)?
2, 29
Let a(o) = 23*o**2 - 2*o + 5. Let c be a(-5). Let x = -271 + c. What are the prime factors of x?
11, 29
Suppose 3607 + 2477 = 12*i. Let d = 1354 - i. List the prime factors of d.
7, 11
Suppose 0 = 5*v + 3*h - 91249, 7*v + 22*h - 127675 = 27*h. What are the prime factors of v?
5, 41, 89
Let z be (0 - 3)*(5 + -6). Suppose -3*p + 9 = -2*q, -q - 2*p + 3 = -z. Suppose -2*s - 2 = -8, -4*x - 2*s + 322 = q. List the prime factors of x.
79
Let v = 780 - 1211. Let h = -423 - v. List the prime factors of h.
2
Let y = 73 + -79. Let u = -3 - y. Suppose u*s - 382 = -5*h, -2*h + 3*s + 164 - 7 = 0. What are the prime factors of h?
7, 11
Let q(o) = 15*o + 10*o - 24 + 8*o - 35*o. List the prime factors of q(-29).
2, 17
Suppose -6149 - 1177 = -5*r - 3*b, -b = 11*r - 16106. List the prime factors of r.
2, 3, 61
Let f be ((-25)/2)/((-35)/30 + 1). Suppose 5*j - f = -465. Let s = 315 + j. List the prime factors of s.
3, 79
Suppose -12 - 205 = -5*b - 4*r, -5*b + 5*r = -235. List the prime factors of 325/(b/(-10) - -5).
2, 5, 13
Let m = -1315 - -7027. List the prime factors of m.
2, 3, 7, 17
Let u(j) be the third derivative of 253*j**5/30 + j**4/8 - j**3/2 + 16*j**2. What are the prime factors of u(1)?
2, 11, 23
List the prime factors of (6/8)/((-4)/(-38) + 4140201/(-39341476)).
3, 9767
Let r = -4 + 20. Let q(l) = -l**3 + 17*l**2 - 14*l - 14. Let m be q(r). Let x = m - 14. List the prime factors of x.
2
Suppose 0 = 4*z + 3*w - 2, -z + w + 1 = -4*z. What are the prime factors of (0 + z)/(-2 - 1892/(-948))?
3, 79
Suppose 0 = 45*q - 76*q + 18073. What are the prime factors of q?
11, 53
Let l be (-16)/48*(1 + 0)*-39. List the prime factors of 2 - l/6 - (-44646)/36.
2, 5, 31
Let q(f) be the second derivative of 0 - 5/3*f**3 + 7/12*f**4 + 4*f**2 - 